t o be b(-12). Suppose -4*f + 55 + 269 = 2*g, -3*f - g + 242 = o. What is the greatest common factor of f and 90?
10
Let l = 19563 - 16613. Calculate the greatest common factor of l and 59.
59
Let d(z) = 6*z**3 + 4*z + 4. Let c be d(-1). Let l be -1 - (c/(-9))/((-8)/660). Calculate the greatest common factor of 432 and l.
54
Let d = -36 + 44. Suppose -4*o + d = -3*u, -o + 2*u + 0*u = 3. Suppose o*m = -6*l + l + 95, 5*m + 3*l - 89 = 0. What is the highest common divisor of 24 and m?
8
Let p(o) = 191*o + 187. Let s be p(43). Calculate the greatest common divisor of s and 35.
35
Let q be (-63)/(-2)*(2 + (-24)/18). Let j be ((-95)/57)/((-1)/q). Let c be (-6)/(-15) + 6006/j. What is the highest common factor of 43 and c?
43
Let w = 13 - 6. Suppose 0 = -w*z + 119 + 28. Let u be (1 - (-130)/6)*z/7. What is the greatest common divisor of u and 17?
17
Let q(d) = 168*d - 284. Let w be q(2). What is the highest common factor of 949 and w?
13
Suppose -2*u - 680 = -7*u + 3*l, 0 = l. Calculate the greatest common factor of 6256 and u.
136
Suppose 2*k + 207 = 5*k. Let i = -10582 + 10651. Calculate the highest common divisor of k and i.
69
Let r(h) = 4*h**2 + 55*h + 14. Let n = 292 + -306. Let c be r(n). Calculate the greatest common factor of c and 70.
14
Suppose -3*n + 5*l = -1041, -5*l + 0*l + 719 = 2*n. Let k be -4*(294/(-12) - -8). What is the greatest common divisor of n and k?
22
Let i = -1354 - -1374. Let l = -92 + 210. Let h = l - -62. What is the highest common divisor of h and i?
20
Let n be 3480/(-50)*(-400)/15. Calculate the greatest common factor of 261 and n.
29
Suppose -30*c + 70*c = 29000. Calculate the greatest common factor of 125 and c.
25
Let i be (-7)/(-84)*-2 + 3362/12. Suppose 2*g = -5*p + 125, -4*p - 96 + i = 3*g. Calculate the highest common factor of g and 10.
10
Let t = -827 + 1175. Let v be 161/14 - (-13)/26. Calculate the highest common divisor of t and v.
12
Let o(r) = -11*r + 12. Let k be o(3). Let g be 1128/9 - ((-98)/k)/14. What is the highest common divisor of 20 and g?
5
Suppose -4*m = -109 - 383. Suppose 7*x - 1432 = -m. What is the greatest common factor of 11 and x?
11
Let j = -27243 + 30367. Calculate the highest common factor of j and 176.
44
Let v(q) = -348*q + 2810. Let u be v(8). Calculate the highest common divisor of 3562 and u.
26
Suppose -14*j = 48*j - 992. Calculate the highest common divisor of 2032 and j.
16
Suppose j - 5*j = -1188. Let b be 194/6 - 6/(-9). Calculate the greatest common divisor of b and j.
33
Let i be (-412)/(-5) + (-12)/30. Suppose -4*t + 4*s + 972 = 0, -733 = -t - 2*t + 2*s. Let z = t - i. What is the highest common factor of z and 66?
33
Let x be (-20)/(3/((-90)/40)). What is the greatest common factor of x and 9?
3
Suppose -3*k + 8 = -4. Suppose k*a - 7 = 21. Suppose -2*m - 85 = -a*m. Calculate the greatest common divisor of 34 and m.
17
Let a(s) = -s**3 - 16*s**2 - 3*s - 23. Let v be a(-16). Let l = 29 - -171. Calculate the greatest common divisor of l and v.
25
Let u be (-495)/99 + (-3 - (-59 - 3)/2). Suppose -2*q = -6*q + 828. Calculate the highest common divisor of q and u.
23
Let p = 19847 - 19743. What is the highest common factor of 533 and p?
13
Let d(h) = h**3 - 7*h**2 - 7*h + 24. Let m = 166 - 157. Let y be d(m). What is the highest common factor of y and 82?
41
Let h(i) = i**3 + 6*i**2 + i - 7. Let y = -8 - -12. Suppose 5*x = -o - 34 + 6, -3*x = -y*o + 3. Let q be h(x). What is the highest common factor of 91 and q?
13
Suppose -5*w + 46 = -3*t - 5, 2*t = -5*w + 66. Suppose 2*m - 5*m + 48 = 0. Calculate the highest common divisor of m and w.
4
Suppose -5*p = -4*i + 6750, 711 = -2*i - 3*p + 4053. What is the highest common factor of 147 and i?
21
Suppose s = 6*s - 2*x + 36, -5*s - 30 = -5*x. Let h be 1/(-8) - s/((-448)/(-903)). Calculate the greatest common factor of h and 48.
16
Let k be 20/(-420) + (-53140)/(-210). Suppose 5*f - 507 + 47 = 0. Suppose -2*h = -6*h + f. Calculate the greatest common divisor of h and k.
23
Let p(m) = -9*m - 32. Let t be p(-13). Let a(k) = -20*k - 89. Let q be a(-7). Calculate the highest common factor of t and q.
17
Suppose -270*a + 435768 = a - 0*a. Calculate the highest common factor of a and 10.
2
Suppose 5*b + 5*l + 5 = 0, 3*b + 2 + 1 = -l. Let o be b/(-2)*(-6 - -34). Let g be (-3)/6 + 1012/8. What is the greatest common divisor of o and g?
14
Suppose -8*t = -t - 490. Suppose 5*n - 10 - t = 0. Let a = -100 + 132. What is the greatest common factor of n and a?
16
Let w be (-8)/((1/24)/((-140)/112)). What is the highest common divisor of w and 750?
30
Let x be (-1 + 5)*(-4 - -5). Suppose -x*i - 14 = -k - 0*i, -3*k + i = -20. Calculate the greatest common factor of k and 12.
6
Let s be 8 - (3/6 - 2)*1882. Calculate the greatest common divisor of s and 1043.
149
Suppose 0 = k + 5*t - 4 + 1, -2*k - 5*t = -11. Let l be ((-428)/8 - -3)*-4. Suppose 5*b - 158 = l. What is the highest common factor of b and k?
8
Let g = 204 + 376. Suppose j = -19*j + g. Calculate the highest common divisor of 261 and j.
29
Let g(h) = -30*h. Let o be g(-4). Let y be -10 + -6 - 7/(35/10). Let n be 980/(-126) + 8 + (-212)/y. What is the greatest common divisor of o and n?
12
Suppose -12 + 9 = -p. Let h be (p/(-3))/((-1)/6). Suppose 0 = -4*n + 5*x - 1, 4*x = -5*n + 3*n + h. What is the highest common factor of n and 2?
1
Let b be (-4 - -7)/3 + 1 + 2. Suppose 12*w - 169 = -d + 8*w, -d = -b*w - 137. Calculate the greatest common factor of d and 9.
9
Let j = 12438 - 12280. Calculate the highest common divisor of j and 9638.
158
Let d = 6016 - -17190. What is the greatest common divisor of 82 and d?
82
Suppose -3*m = 12*m. Suppose m = x + 3*x - 8. Suppose x*v = -5*t + 384, 2*t - 5*t + 237 = -v. Calculate the highest common factor of 117 and t.
39
Suppose 122*n - 27*n - 27455 = 0. What is the highest common factor of 272 and n?
17
Let p be 4 + 18/(-12)*-16. Suppose -p + 292 = 11*d. What is the greatest common factor of d and 132?
12
Let f = -720 + 720. Let q be 270 - f - (0 + (4 - 2)). Calculate the greatest common divisor of 8 and q.
4
Let i = 3344 + -3295. What is the greatest common divisor of 623 and i?
7
Suppose 24*p + 3*k = 20*p + 2727, k - 2733 = -4*p. What is the highest common factor of 114 and p?
114
Suppose -9*h + 18 + 27 = 0. Suppose 3*z - 4*s = 185, -h*z + 4*s - 28 + 323 = 0. Calculate the highest common factor of 77 and z.
11
Let f(z) = 639*z + 183. Let g be f(5). What is the greatest common divisor of g and 6?
6
Suppose 5*y = 2*z + 20, 0*y - 4*y + 44 = 4*z. Let k be (-22)/(-18) - y/27. Let x be 5*(2 + 1 + 2). What is the highest common factor of k and x?
1
Suppose 9 = 4*n - 8*n + 3*q, 4*n + 23 = 5*q. What is the greatest common factor of 5793 and n?
3
Suppose 0 = f - 5*b, -3*f - 2*f = 3*b. Let w(x) = -12*x + 30. Let j be w(f). Calculate the greatest common divisor of 270 and j.
30
Let i = -2172 - -2219. Calculate the highest common factor of 2867 and i.
47
Let c(k) = k**2 + 8*k + 80. Let h be c(-9). Calculate the greatest common divisor of h and 2937.
89
Let o = 1400 - 1210. What is the highest common divisor of 250 and o?
10
Suppose 0 = -2*h - 22 + 24. Let n be 1722/615 - (h + (-12)/10). What is the greatest common factor of 3 and n?
3
Suppose 0 = -28*n + 1232. Suppose -n = -16*p + 132. Let d(l) = 17*l - 3. Let w be d(6). What is the greatest common divisor of p and w?
11
Suppose -t + 77 = 2*g, 3*g - 235 = -3*t + g. Suppose -299*b - 274*b + 452670 = 0. What is the greatest common factor of b and t?
79
Let v(k) be the third derivative of 11*k**4/24 + 8*k**3/3 + 17*k**2. Let w be v(6). Let m = -77 + w. What is the highest common divisor of 10 and m?
5
Let f be (4 - (-54)/(-12))/(3/(-30)). Let r(z) = z**3 - 6*z**2 + 7*z - 2. Let d be r(f). What is the highest common divisor of 8 and d?
8
Let m be (-1 - -11255) + 2 - (-13)/(143/88). What is the greatest common divisor of m and 22?
22
Let a be 2/1 + (3 - -2). Let i(x) = 16*x - 10. Let u be i(3). Suppose -5*y + u + 82 = 5*m, 2*y = 2*m - 64. What is the highest common divisor of m and a?
7
Let k be -2*18/12*149/(-3). Suppose 2*z + s = z + k, -5*z + 737 = s. What is the highest common divisor of z and 21?
21
Suppose 2*a + 0*a + 8 = 4*o, 7 = 2*a - o. Let k be -10 + 5 - (-50 + (a - 3)). What is the highest common divis